 be g(-3). Suppose 2*n - 15 = -k*n. What is the highest common divisor of n and z?
3
Suppose 0 = -2*f + 6, 2*f + 0*f = 5*w + 11. Let d be (8/(-20))/(w/110). Let s(h) = -67*h - 1. Let m be s(-1). Calculate the highest common factor of m and d.
22
Let q be -3 + 1 - (-1 - 19). Let x = 60 + -55. Let j be (2/x)/((-15)/(-3375)). What is the greatest common factor of q and j?
18
Let a = 1 + 11. Suppose 3*m - 2*l - 608 = 0, -3*l + 0*l = a. Calculate the highest common factor of m and 25.
25
Suppose -105*r - 440 = -109*r. Calculate the highest common factor of r and 165.
55
Let g be 0 + 1 + (-26528)/((-56)/7). What is the greatest common factor of 107 and g?
107
Suppose 2*w - 282 = -0*w. Let x be (w - -4) + -5 + 4. What is the highest common divisor of x and 36?
36
Let h be -44 + (1 - -2)/(-3). Let c = h + 105. Suppose -4*z + 4*b + 80 = 0, -c - 76 = -5*z - 4*b. Calculate the highest common divisor of z and 60.
12
Let x be (-6)/(-30) + (-2 - (-58)/10). Suppose -s = x*d - 37, 4*d = 5*s + 15 + 16. Calculate the greatest common factor of 3 and d.
3
Let f be -312*(6/15)/(32/(-60)). What is the highest common divisor of f and 130?
26
Suppose 12*i - 21*i = -2142. Calculate the highest common factor of i and 68.
34
Suppose -2*s = -26 - 2. Let t = -122 + 124. Calculate the highest common divisor of s and t.
2
Suppose -2*q + 6*q - 106 = 2*w, -q - 5*w + 32 = 0. Suppose -2*x + q = -p - 2*p, -3*p - 18 = -x. Calculate the greatest common divisor of 3 and x.
3
Let s be (2/(-3))/(4/42). Let q = 24 + -13. Let r = q + s. What is the greatest common divisor of r and 44?
4
Let b(r) = -7*r**2 + 8*r + 6. Let n(u) = 13*u**2 - 15*u - 12. Let o(y) = 5*b(y) + 3*n(y). Let f be o(-3). Calculate the greatest common factor of 5 and f.
5
Let k = 39 + -6. Let x(b) = b**2 - 14. Let l be x(6). What is the highest common divisor of k and l?
11
Suppose 0 = 149*z - 138*z - 2475. What is the highest common factor of 90 and z?
45
Let v = 88 - 49. Calculate the greatest common factor of 26 and v.
13
Let d be (243/6 + 0)*(-2)/(-3). What is the greatest common factor of d and 153?
9
Let t be -2*((-6)/(-3) + -3). Let y be 3/t*(-32)/(-12). Suppose -z + r = 2*z - 128, 196 = y*z + 5*r. What is the highest common divisor of z and 11?
11
Let j = -26 - -30. Let t be 42/12 - 2/j. Suppose -5*w + t*w + 224 = 0. What is the greatest common factor of w and 14?
14
Suppose -18 = 6*c - 3*c. Let v be (-26 - -1)/(c/18). Calculate the highest common factor of 15 and v.
15
Let y(x) = -3*x - 18. Let m be y(-12). Suppose 4*p - 8 = -2*a, -4*a + 2*a + 5 = 3*p. Let l = p + m. Calculate the greatest common factor of 14 and l.
7
Suppose 10 = -3*b + 22. Let f be (-30)/(-9)*6 + 0. Calculate the greatest common factor of b and f.
4
Let g = -295 + 340. Calculate the highest common divisor of g and 390.
15
Let y(r) = -7*r - 45. Let w be y(-18). Let z(a) = -2*a - 12. Let d be z(-8). Suppose 27 = -n + d*n. Calculate the highest common divisor of n and w.
9
Let j(a) = a**3 + 40*a**2 + a + 48. Let q be j(-40). Let z be (-2)/(-4)*(-6)/(-3). Calculate the greatest common divisor of q and z.
1
Let m = -1 - -24. Suppose -3*n - m + 77 = 0. What is the greatest common factor of n and 162?
18
Let x(p) = 5*p - 6. Let t be x(6). Let v be ((-1)/(-2))/(8/1024). Suppose -5*n = v - 244. What is the highest common factor of t and n?
12
Let v(t) = -19*t + 60. Let l be v(0). What is the highest common factor of 50 and l?
10
Let m be (102 - 10) + 11 + 1. Calculate the greatest common divisor of m and 4264.
104
Suppose -6 + 27 = x. Suppose 5*o = -2*r + 39, -4*o - 99 = -4*r + x. What is the greatest common divisor of 3 and r?
3
Suppose 0 = 2*s - 3*c - 143, -12*c + 14*c = -s + 89. What is the greatest common factor of 1185 and s?
79
Let v = -4 + 4. Suppose 396 = -3*o - v*o. Let i = 222 + o. What is the highest common factor of i and 18?
18
Let h(p) = 54*p**3 + p**2 + 3*p - 5. Let m be h(2). What is the highest common divisor of m and 38?
19
Suppose -4*n + 144 = -0*n. Suppose -5*q = 0, -3*h - q = -5*q - 18. Let w be (3 - (0 + h)) + n. Calculate the greatest common divisor of 66 and w.
33
Let t = 342 + -336. What is the highest common divisor of 15 and t?
3
Suppose -4*q - 5*l = -127, -3*q + 77 + 1 = -2*l. What is the greatest common divisor of q and 2044?
28
Let g be -13*(-13)/(-52)*-12. Calculate the greatest common divisor of g and 4173.
39
Let w be ((-30)/(-105))/(13/(-14) + 1). Calculate the highest common factor of w and 28.
4
Let q = -27 - -24. Let x be (-5433)/(-4) - q/(-12). Let w be x/49 + (-2)/(-7). Calculate the highest common divisor of w and 14.
14
Suppose 5*c = 2*c + 693. Let j(x) be the third derivative of -x**4/4 - 3*x**3/2 + 16*x**2. Let y be j(-5). Calculate the greatest common factor of y and c.
21
Suppose -35*d + 55*d - 580 = 0. What is the highest common factor of d and 2407?
29
Suppose 26*h = -1465 + 7549. Calculate the highest common factor of h and 390.
78
Let q(m) = m - 3. Let n be q(6). Let r(v) = 2*v + 31. Let l be r(-8). Let z be (1 - 2 - -2)/(5/l). What is the highest common divisor of n and z?
3
Suppose -5*s - 3 + 273 = 0. Let d(f) = 0*f - 13 + 16*f - 1 - 6*f. Let j be d(5). Calculate the highest common factor of j and s.
18
Let a(q) = 22*q**2 + 2*q + 1. Let z be a(-1). Let f be 2 - (2 + -53*3). Suppose 0 = 2*v - z - f. Calculate the greatest common factor of 18 and v.
18
Let m be (1554/(-2))/((-18)/(-48)*-4). Calculate the greatest common divisor of m and 14.
14
Let a = 1768 - 102. Suppose -9*x + a = 7966. Let c be x/(-13) - 2/(-13). What is the highest common divisor of c and 27?
27
Suppose 3*v = a - 223, a + 884 = 5*a - 4*v. Let s(d) = 11*d - 2. Let n be s(2). What is the greatest common divisor of n and a?
20
Suppose 120 = 4*s - 2*s + 4*i, 240 = 4*s + 3*i. Suppose -s = -16*h + 11*h. Let b(x) = 48*x - 36. Let r be b(3). What is the greatest common factor of h and r?
12
Let y(t) = t**2 + 4*t - 3. Let l be 334/(-22) - 14/(-77). Let w = l + 9. Let h be y(w). What is the highest common factor of 99 and h?
9
Let s(u) = u - 9. Let q be s(9). Suppose -3*y - 13 + 49 = q. What is the greatest common factor of y and 132?
12
Let v(p) = p**2 - 4*p - 24. Let u be v(8). Let i be -2 + 92 - (-2 - -4). What is the greatest common factor of u and i?
8
Suppose 25*j = -68 + 618. Calculate the greatest common factor of j and 22.
22
Suppose 78*b - 77*b - 56 = 0. Calculate the greatest common factor of 252 and b.
28
Let t(b) = b**3 - 11*b**2 + 19*b. Let k be t(11). Let z(n) = -n**2 - 1. Let h be z(-2). Let d = 14 - h. What is the greatest common factor of d and k?
19
Suppose 30 = -w + 5*w + 5*y, 0 = 4*w + 4*y - 32. Suppose 4*h = -99*d + 100*d + 201, -h = -d - 51. What is the greatest common factor of w and h?
10
Let u be (-44)/12 - ((-2)/3 - 0). Let c be 37 + u/(9/6) + 3. Calculate the highest common divisor of c and 19.
19
Let w = 3 - 15. Let m = -8 - w. Suppose 60 + 40 = m*y. Calculate the highest common divisor of 125 and y.
25
Let f(v) = v**2 + 10*v + 1. Let j be f(-7). Let h be j/3*66/(-55). Suppose 4*q = 3*g - 4*g + h, 13 = g - q. Calculate the highest common divisor of g and 72.
12
Suppose 415*l - 552 = 411*l. Calculate the greatest common factor of l and 6.
6
Suppose 0 = a + 4*f - 916, 3*a + 5*f - 2788 = 3*f. Suppose -11*i - a = -2648. What is the greatest common factor of 39 and i?
39
Let a = -111 + 236. Let b be (40/(-14) - -3) + a/7. What is the greatest common divisor of b and 18?
18
Let q be (-2)/(-7) - 12/(-7). Suppose -i + 2*g + 6 = 0, -5*g + 7*g + 6 = 3*i. Suppose i*k + 58 = q*k. Calculate the highest common divisor of k and 29.
29
Suppose -4*c = -96 + 20. What is the highest common divisor of c and 3?
1
Suppose 7 = -c + 9. Suppose -c*f + 2*g = -138 - 102, -2*f - 5*g = -247. What is the highest common factor of 11 and f?
11
Let l be (-35 - 1)*(-2 - 9). Suppose -l = -4*o + 4*t, -o + 104 - 6 = -2*t. Let c be (6 - 3)*(-10)/(-3). Calculate the highest common factor of c and o.
10
Suppose -20*b = -26*b + 468. Calculate the greatest common divisor of 65 and b.
13
Let u = -2127 + 3016. What is the greatest common factor of u and 635?
127
Let a be 70 - (5/30 - (-2)/(-12)). Let g = 86 - a. What is the highest common divisor of 4 and g?
4
Let a = -213 - -321. Suppose 40 = -i + 6*i. Suppose -7*y - 27 = -i*y. What is the greatest 